9 + u/(-6)?
3
Suppose -14*p + 39 = -11*p. Suppose 2*q - 59 = 5*h, -p + 186 = 5*q - 4*h. List the prime factors of q.
37
Let z = 14 + 89. What are the prime factors of z?
103
Let d be 1/(-4) - 1365/(-20). Suppose -3*l - 17 = -d. List the prime factors of l.
17
Let i(y) = 2*y**2 - 3*y + 0 + 6*y - 3 - y**3. What are the prime factors of i(2)?
3
Suppose -59 = -4*q + 49. What are the prime factors of q?
3
Suppose -2*g + 3 = -3, 0 = t + 2*g - 207. What are the prime factors of t?
3, 67
List the prime factors of 649/44*(0 - -4).
59
Let c(i) = -2*i**3 - 4*i**2 - 2*i + 1. List the prime factors of c(-5).
7, 23
What are the prime factors of (-104)/(-2)*(-10)/(-4) + 1?
131
Suppose -4*x + 11 = -2*d - 5, 3*d + 4*x = -34. Let w be 170/4*(-8)/d. Suppose y - w = -y. What are the prime factors of y?
17
Let j(d) = -9*d**3 - d**2 - 2*d - 1. Suppose -6*c + 3*c - 18 = 0. Let p(a) = a**3 + 6*a**2 + a + 5. Let f be p(c). List the prime factors of j(f).
3
Let z(u) = u - 1. Let o be z(7). Suppose -3*j + o*j + 27 = 2*l, 5*l = 5*j + 55. What are the prime factors of l?
2, 3
Suppose -2*n + 28 = -2*g, -3*n + 3*g - 2*g = -38. Suppose -4*p = -2*s + s - 27, -n = -4*p + 4*s. Suppose 0 = 2*z - p. What are the prime factors of z?
2
Let g(k) = k**2 - 3*k - 3. Let q be 6/9 - (-20)/6. Suppose 2*p = y + 8 + 5, -29 = -q*p + 5*y. What are the prime factors of g(p)?
3, 5
Let s(t) be the first derivative of t**3/3 - 3*t**2/2 + 7*t + 7. What are the prime factors of s(-5)?
47
Let l(r) = 15*r + 1. What are the prime factors of l(2)?
31
Let z(m) = -m - 5. Let v be z(-10). Suppose 0 = -v*j + 12 + 18. What are the prime factors of j?
2, 3
Let s = 69 - 57. List the prime factors of s.
2, 3
Let r(f) = 7*f. Let w(t) = -t + 1. Let m be ((-8)/(-32))/((-2)/8). Let i be w(m). What are the prime factors of r(i)?
2, 7
Let q = 5 + -13. Let j = -4 + q. What are the prime factors of j/(-18) - (-28)/3?
2, 5
Let p(l) = l**3 + 8*l**2 - 8*l + 10. Let h be p(-8). List the prime factors of 6/(-15) - h/(-10).
7
Let c = -24 - -17. Let x(n) = 2*n**2 + 10*n - 2. List the prime factors of x(c).
2, 13
Let i be 3*(-1*4)/12. List the prime factors of 70/12 + i/(-6).
2, 3
Suppose -4*m - 27 = 3*o, 4 + 36 = -5*m - 5*o. Let z(n) be the second derivative of n**4/12 - n**3/6 + 2*n. What are the prime factors of z(m)?
2, 3
Let s = 1 - -4. Let n = 136 - 93. Suppose -s*h = 2*x - n, -3*x - x - 4*h = -56. What are the prime factors of x?
3
Let t(g) = -g**3 + 7*g**2 - 5*g + 6. Let f be t(6). Let k = -8 + f. Suppose 0 = -k*u + 3*u + 9. List the prime factors of u.
3
Let g = 395 + -27. List the prime factors of g.
2, 23
Suppose -31 = -3*q + 182. List the prime factors of q.
71
Let w(a) = 154*a**3 + a**2 - 3*a + 2. List the prime factors of w(1).
2, 7, 11
Suppose 0 = 4*g - 8, 0*u + 2*u - 74 = 4*g. What are the prime factors of u?
41
Suppose 2*o = -4*s + 32, o = 7*s - 2*s - 12. Suppose 0 = 3*n - o*n + 40. What are the prime factors of n?
2
Suppose -15*n + 591 + 1059 = 0. What are the prime factors of n?
2, 5, 11
What are the prime factors of (-1518)/(-10) - (6 - (-155)/(-25))?
2, 19
Let y = -4 + 7. List the prime factors of 9 + y - (-1 + 0).
13
Let z(t) = -t + 17. Let a be z(0). Let x = a - 9. What are the prime factors of x?
2
Let u be (-1)/(-1 + (-72)/(-74)). Suppose p + 4*p - 25 = 0, -15 = -5*j - p. Suppose u = j*r + 15. List the prime factors of r.
11
Let f(g) = -g**3 + 2*g**2 - g + 2. Let z be f(2). Suppose 4*c + 8 = -z. What are the prime factors of (-1 - c) + 1 + 2?
2
Let u = 9 + -17. Let v = -14 - u. Let j = v - -18. What are the prime factors of j?
2, 3
Suppose 275 = -b + 6*b. What are the prime factors of b?
5, 11
Suppose 2*r + r = -2*c - 61, 2*r + 44 = 2*c. Suppose 5 = -3*v + 5*k, -v + 0*v - 35 = 5*k. Let d = v - r. List the prime factors of d.
11
What are the prime factors of -3*1/5*1*-215?
3, 43
Suppose 3*n + 5*n = 472. List the prime factors of n.
59
What are the prime factors of (3/(-2))/(6/(-56))?
2, 7
Let f = 4 + -5. What are the prime factors of 8 + 4 + 2*f?
2, 5
Let b(a) = -a**3 - 5*a**2 - 5*a + 2. Let c be (-95)/20 + 3/4. Let o be b(c). What are the prime factors of (27/o - 0)*2?
3
Let h be 480/9 + (-2)/(-3). Suppose -5*m + 5*q = -140, -2*m + q + h = -3*q. Suppose 3*z + m = 4*v, -z + 36 - 14 = 5*v. List the prime factors of v.
5
Let o = 4 - 2. Suppose 0 = -2*z + 5*y - 1, o*y = -3*z + 5*y + 3. List the prime factors of 0*z/(-6) - -7.
7
Let p = 13 + 23. Suppose p = 5*y - y. Suppose 0 = 5*j - y - 16. List the prime factors of j.
5
Let a = -8 + 6. Let t = -7 - -2. What are the prime factors of (t/(-5))/(a/(-14))?
7
Let d(p) = 6*p**2 + 19*p + 1. Let j(u) = -u**2 - 4*u. Let v(m) = -2*d(m) - 11*j(m). Let s be v(5). Suppose -7*t = -s*t - 84. What are the prime factors of t?
3, 7
Let i be (-4)/(-5)*(-10)/(-4). Let z be (-6)/(0 - 3) - i. Let l(u) = u**3 + u**2 + u + 15. List the prime factors of l(z).
3, 5
Suppose 2*d - 7*d + 130 = 0. List the prime factors of d.
2, 13
Let z(q) = 3*q - 2. Let p(v) = v**2 + 5*v - 1. Let y be p(-6). What are the prime factors of z(y)?
13
Suppose x + j = -60, 5*j = -3*x - 100 - 70. Let b = x + 140. Suppose 0 = t - 3*r + 1, 0*r = 5*t + 5*r - b. What are the prime factors of t?
11
List the prime factors of 9919/52 + 1/(-8)*-2.
191
Suppose q - 25 = -4*q. Suppose 0 = -2*h + a - 97, -q*a - 33 = h + 10. List the prime factors of h/(-21) - (-6)/(-21).
2
Let z(x) = -x**3 + 16*x**2 - 8*x - 19. What are the prime factors of z(15)?
2, 43
Let l = -51 - -167. What are the prime factors of l?
2, 29
Suppose -l - a = 1, 4*l + a - 1 = 2*a. What are the prime factors of l + 4 + (27 - -3)?
2, 17
Let v(h) = h**3 - 11*h**2 - 12*h + 2. Let z be v(12). What are the prime factors of (3 - z)/((-1)/(-16))?
2
Suppose -2*i - 7 - 22 = 3*u, 0 = -3*i + u - 60. Suppose 0 = 2*g + 5*z + 8, g - 2*z + z + 4 = 0. Let q = g - i. What are the prime factors of q?
3, 5
Let y = 140 - 83. What are the prime factors of y?
3, 19
Suppose 4*d = -d + 3*w + 135, -4*w + 100 = 5*d. Let v = -8 + d. What are the prime factors of v?
2
Suppose 215 = 5*j + 5*m, 4*m + 81 = 2*j - 35. Suppose 4*g - 12 - j = 0. List the prime factors of g.
3, 5
Suppose -p - 72 = 3*p. Let c = 6 + p. Let v = c - -25. What are the prime factors of v?
13
Let x = 565 - 241. What are the prime factors of x?
2, 3
Suppose -4*f = y - 8*f - 9, -2*f - 15 = -y. Let d = -13 + y. What are the prime factors of d?
2
Let s(f) = 2*f - 2. Let v be s(3). Suppose -5*x + v*l + 22 = -0, -3 = l. Suppose 46 = 5*h + 2*p, x*h - p + 9 - 31 = 0. List the prime factors of h.
2, 5
Let f(l) be the second derivative of -l**3/6 - l**2 - 2*l. Let w be f(-1). List the prime factors of (-13)/(0 - w)*-1.
13
Let c = 322 - 109. List the prime factors of c.
3, 71
Let a be (-2 + (-9)/(-2))*2. Suppose -u - a*p = -4*u + 49, 5*u + 2*p - 123 = 0. List the prime factors of u.
23
Let i(o) = o**2 - 3*o. Let f be i(2). Let m be f/11 - (-70)/22. Suppose m*d - 7 + 1 = 0. List the prime factors of d.
2
Let j(o) = -8*o - 8. Suppose -2*x + 9 = -x + 3*v, -4*v = -5*x - 50. List the prime factors of j(x).
2, 5
Let x be 15/6*4/5. Let o(c) = 3*c + 1. What are the prime factors of o(x)?
7
Suppose -42 = i + 2*i. Let n = -6 - i. List the prime factors of n.
2
Suppose 4*r = -u + 2*r + 115, 4*u - 4*r - 520 = 0. What are the prime factors of u?
5
Suppose 0*u = 4*u - 8. Suppose -5*z = -2*c - 10 - 15, u*z = -3*c + 10. List the prime factors of z.
5
Let o(s) = s**2 - 12*s - 45. What are the prime factors of o(-12)?
3
Suppose 4*w + 2*j = 220, 2*j - 126 = -2*w + 5*j. Suppose -w - 23 = -5*o. List the prime factors of o.
2
Let s = 31 - 12. Suppose -2*y + s = 3*x, 4*y + 0*x - 48 = 4*x. What are the prime factors of y?
11
Let b = 12 - -7. Suppose -33 - 63 = -3*t. Let f = t - b. List the prime factors of f.
13
Let k = 7 + 3. Let f(i) = i**3 - 9*i**2 - i + 5. Let v be f(9). List the prime factors of 154/35 + v/k.
2
Let n be (-12)/(-30) - 36/(-10). Suppose -5*w + 56 = n*u, 4 = 3*w - 2*w. List the prime factors of u.
3
Suppose -5*o - 31 + 1 = 0. List the prime factors of ((-18)/4 + 3)*o.
3
Suppose -5*c + 1 = -5*d + 21, -6 = -2*d + c. Suppose -3*b + 13 = -d*b. What are the prime factors of b?
13
Let d = 168 + -110. Suppose -4*o - 2*f = -d, -o - 2*f - 78 = -5*o. What are the prime factors of o?
17
Let f(c) = -c**3 + 7*c**2 - 4*c - 5. Let d(r